i**2 - 26*i + 13. What is z(x)?
4
Let r(j) = -j**3 + 27*j**2 - 19*j - 175. Let m be r(26). Let z(o) = o - 3. What is z(m)?
4
Let d(h) be the second derivative of -h**3/6 - 13*h**2/2 + 150*h. Determine d(-9).
-4
Suppose -c = -5*j - 7, -4*c + 4 = j - 3. Let z(k) = 0*k + 2*k - 54 + k**2 + 53. Give z(c).
7
Let r(c) = 2*c + 4. Suppose -30*o + 28*o - 6 = 0. Calculate r(o).
-2
Let t(m) be the first derivative of m**4/4 - 4*m**3/3 - m**2/2 - 5*m + 502. Determine t(4).
-9
Let z(b) = -23*b + 18. Let y(v) = 15*v - 12. Let p(s) = 3*s + 16. Let c be p(-7). Let r(f) = c*z(f) - 8*y(f). Give r(4).
-14
Let o(g) = -g**3 - g**2 - g - 1. Let j(i) = -2*i**3 + 8*i**2 - 15*i + 7. Let s(z) = -j(z) + 3*o(z). Give s(-12).
-10
Let a be -6 + 11 - (-1 + 4). Let b(u) be the third derivative of 3*u**a - 1/24*u**4 + 1/60*u**5 - 7/6*u**3 + 0*u + 1/120*u**6 + 0. Give b(0).
-7
Let u(n) = -n**3 - 9*n**2 + 5*n + 21. Let i be (3 + -4)/(((-64)/72)/(-8)). What is u(i)?
-24
Let y = -418 - -414. Let s(o) = -o**3 - 2*o**2 + 5*o - 5. Determine s(y).
7
Let s(y) = -3*y + 3. Let m be 0/(3/((-15)/(-10))). Suppose 4*v - 16 = -m*v. What is s(v)?
-9
Let u(f) be the second derivative of -f**5/20 - f**4/12 + 3*f**2 + 1523*f. Let j = -1 - -1. Determine u(j).
6
Let n be (6*(-1)/2)/((-3)/4). Let s(g) = -10*g**3 + 9*g**2 + 16*g + 10. Let u(f) = -3*f**3 + 3*f**2 + 5*f + 3. Let x(i) = -2*s(i) + 7*u(i). Calculate x(n).
-3
Let j(s) = s**2 + 3*s + 1. Let z(v) = 4*v**2 + 16*v + 8. Let q(n) = -5*j(n) + z(n). What is q(-4)?
-17
Let r(z) = -z. Let u = 533 + -528. Calculate r(u).
-5
Let q(f) = 2*f + 6. Let j be (-2 + -13)*(3/(-9) + 0). Let z(h) = 6*h + 12. Let d(p) = j*q(p) - 2*z(p). Suppose o = 6*o - 20. Calculate d(o).
-2
Let c(g) be the third derivative of -g**7/840 - g**6/45 - g**5/20 + 3*g**4/8 + 3*g**3/2 - g**2 + 12. Let k(l) be the first derivative of c(l). Calculate k(-7).
2
Let q(r) = 13*r - 10. Let b(n) = -11*n + 8. Let p(o) = -7*b(o) - 6*q(o). Let t(u) = 3*u**3 + u**2 + u - 1. Let h be t(1). Suppose -3*s + h*s = 6. What is p(s)?
-2
Let r(s) = s - 9. Suppose 8*a - 56 = -0. Suppose 0 = 12*m - a*m. Determine r(m).
-9
Suppose 3*s + s = -48. Let f be (-11 - s) + (-2)/(-2). Suppose -10 = 7*k - f*k. Let a(m) = -3*m + 2. Give a(k).
8
Let a(q) = -q**2 + 2*q - 3. Suppose 2*k + 316 = -4*w, 0*w - 304 = 4*w + 5*k. Let v = w - -83. Determine a(v).
-3
Let y(x) = 3*x + 5. Let g(w) = -4*w + 3. Let a(h) = -h + 1. Let v(q) = 3*a(q) - g(q). Suppose 3*n + 5 = 17. Let t(k) = n*v(k) - y(k). Determine t(0).
-5
Let d(h) = -27 + h**2 - h + 89 - 32 - 37. Give d(5).
13
Let q(w) be the second derivative of -w**4/12 - 5*w**3/3 - 9*w**2 + 6*w - 48. Give q(-8).
-2
Let u(m) = -m**2 - 4*m - 7. Let v(c) = -4*c**2 - 17*c - 29. Let s(h) = 9*u(h) - 2*v(h). Let q = -23 - -29. Suppose -q = j - 2. Calculate s(j).
-13
Let z(m) = 65*m + 252. Let p be z(-4). Let t(f) = 13*f + 107. Calculate t(p).
3
Let j(n) = 4*n + 2. Let b(i) = 3*i + 1. Let a(k) = -3*b(k) + 2*j(k). Let p(g) = 10*g. Let f(x) = a(x) + p(x). Suppose 184*u = 139 - 323. Give f(u).
-8
Let i(s) = 7*s + 6. Let r(f) = 6*f + 5. Let v(u) = -u**2 + 4*u - 4. Let h be v(4). Let a(g) = h*i(g) + 5*r(g). Determine a(3).
7
Let l = 383 - 376. Let p(t) = t**2 - 8*t + 3. Calculate p(l).
-4
Let d(p) = 17*p + 1. Let n = -203 - -202. What is d(n)?
-16
Let l(h) be the first derivative of -1 + 5/3*h**3 + 12*h - 9/2*h**2. Let s(v) = v**2 + 1. Let u(p) = -l(p) + 4*s(p). Give u(7).
6
Let a = 22 + -19. Let o(g) = 0*g - a*g + 3*g - 1 + 3*g. Calculate o(1).
2
Let g(o) be the first derivative of -o**2/2 + 3*o + 120. Determine g(-10).
13
Let q(a) = 14*a**2 - 1038*a + 144. Let c be q(74). Let x(k) = 4*k + 2. Let t(r) = r + 1. Let o(z) = -6*t(z) + x(z). Determine o(c).
4
Let t(o) = 6*o - 10. Let d(y) = y + 1. Let i(n) = 5*d(n) - t(n). Let l be i(9). Let k(x) = x**3 - 6*x**2 + x - 7. What is k(l)?
-1
Let s(o) be the second derivative of -o**3/2 - 35*o**2/2 - 198*o. Determine s(-15).
10
Let v(w) = 2*w**2 - 406*w + 409*w - 2 - w**2. Calculate v(-4).
2
Let s(k) = -5*k**2 - 2*k - 13. Let o(d) = 8*d**2 + 5*d + 25. Let b(l) = -3*o(l) - 5*s(l). Let v = -4 - -11. Determine b(v).
4
Suppose -38 = -2*u + 62. Let p be (u/20)/((-2)/(-4)). Let y(t) be the second derivative of -t**5/20 + t**4/3 + 2*t**3/3 + t**2 - t. Determine y(p).
-3
Let n = 72 + -63. Let y(v) be the first derivative of v**4/4 - 8*v**3/3 - 9*v**2/2 - 3*v - 2. Determine y(n).
-3
Let y = 76 + -76. Let o(m) = m**2 - 2*m + 13. Determine o(y).
13
Let y(w) be the third derivative of -w**5/60 - 3*w**4/8 + 13*w**3/6 - 60*w**2. Give y(-10).
3
Let l(b) = 3*b**3 - 9*b**2 + 6*b - 9. Let s be l(2). Let y(r) = -r**2 - 12*r. Give y(s).
27
Let b(v) = 4*v + 2 - v**2 + v - 6*v. Suppose -5*j + 2*n + 11 = 0, 15*j = 13*j + 3*n. Give b(j).
-10
Let h(r) = 31*r + 2 - 30*r + 1. Let p = 13 - 18. Calculate h(p).
-2
Suppose b + 4*b = 50. Let a be (b - 10)/(0 - -1). Let o(n) = a*n**3 - 3*n**2 + 5*n**2 - n**3 - 1 + 3*n**2 - n. Calculate o(4).
11
Let m(z) = z**3 - 7*z**2 + z - 4. Let g be m(7). Let n(i) = 11*i**2 + 4 - i**2 - 3*i**2 + 3*i - g*i**2 - i**3. What is n(5)?
-6
Suppose 2*w - 4*n - 6 - 2 = 0, -3*w + 4*n + 12 = 0. Let q(y) = -419*y**2 + 0*y**3 + 420*y**2 + w*y - y**3 - 3. Let j = -2 - -4. Determine q(j).
1
Suppose 1182 - 1170 = 2*t. Let l(h) be the second derivative of h**5/20 - 7*h**4/12 + h**3/2 + 2*h**2 - h. What is l(t)?
-14
Let v(u) = -u - 6. Suppose -18*w + 14*w = 12. Let h(n) = -n - 12. Let o(p) = w*h(p) + 5*v(p). Determine o(-6).
18
Suppose 4*h - 6 = 2. Let b(c) = c**2 - 2 - 3*c**3 - 5*c**2 + 5*c + 2*c**3 + 0*c**h. Let i be -5 + 0/(-4 + 2). Give b(i).
-2
Let l(t) = -5 + 2*t - 3 + 2. Let f(a) = -a**2 + 7*a + 32. Let u be f(-5). Let w be (-4)/28 - (-136)/u. Determine l(w).
-16
Let a = -68 + 90. Suppose 6*x + a + 20 = 0. Let q(c) = -c - 8. Let z(n) = 1. Let h(g) = -q(g) + z(g). What is h(x)?
2
Let b(w) = -5*w + 4. Let i(m) = -17 + 8 - 2*m + 12*m. Let u(p) = 5*b(p) + 2*i(p). Determine u(3).
-13
Let v(i) be the first derivative of -i**2/2 + 5*i + 1. Suppose 2*w + 10 = -0*w, -4*c = 4*w - 28. Suppose 5 = -5*y, 0*y = 5*f + 3*y - c. Determine v(f).
2
Let w = -16/53 - -101/159. Let n(y) be the first derivative of 7/2*y**2 - 7*y - 8 - w*y**3. Give n(7).
-7
Suppose 2*d + 4 = 3*f, 7*f = 2*d + 6*f. Let q = 5 - d. Let b(g) = g**2 - 3*g + 3. Give b(q).
7
Suppose 8 = -69*t + 73*t. Let u(k) = -2*k**3 + k**2 + k - 2. What is u(t)?
-12
Suppose 463*z + 112 = 477*z. Let q(s) = -s**2 + 8*s - 3. Calculate q(z).
-3
Let z(v) be the third derivative of v**4/12 - v**3/6 + 18*v**2. Let o(j) = j. Let h(a) = 5*o(a) - 3*z(a). Determine h(6).
-3
Let m(z) = 4*z + 3 - 7 - z**2 - 1 - 2 + 5. Suppose 5*p - 13 = 3*c, 1 = 4*p + 2*c - 27. What is m(p)?
-7
Let q(u) be the second derivative of -u**5/20 + u**4/6 + u**3/3 + 2*u. Suppose 0 = -5*v + 2*a + 3, 19*a - 15*a = 2*v + 18. Calculate q(v).
-3
Let r(f) = -f**3 + 13*f + 7. Let i be r(-3). Let b(w) = w**2 + w + 8. Give b(i).
28
Let o(y) = -y**2 - 8*y - 4. Let v(x) = -x**3 + 5*x**2 - 5*x - 4. Suppose -q + 16 = 3*q. Let b be v(q). What is o(b)?
-4
Let y(c) = -c**2 + 4*c - 2. Suppose 3*a - 5*n - 48 = 0, 7*n - 2*n = -a + 16. Let q be (-1 - 14 - -3)/(-1). Let i = a - q. What is y(i)?
-2
Let f(m) = -50*m**2 - 2*m + 1. Let w be f(1). Let t be (-2)/3 - w/9. Suppose 0 = -4*d + l + 16, t*d - d + 5*l = -8. Let q(n) = n**2 - 2*n + 1. Calculate q(d).
4
Let u(q) = 4 + 1 - 2*q - 7. Let g be u(-2). Let m(s) = 175*s - 85*s + 1 - 89*s. Give m(g).
3
Let w(t) = 9*t + 117 - 119 + 2*t - 4*t - t. Determine w(1).
4
Let t(b) = 5 + 5*b**2 + 4*b + b + 13*b**2 - b**3 - 13*b**2. What is t(6)?
-1
Let d(f) = 53*f + 21. Let k(r) = 150*r + 61. Let x(q) = 17*d(q) - 6*k(q). Calculate x(0).
-9
Suppose 55*z - 51*z = 2*l + 4, -5*z = -5. Let q(o) = 2*o**2 + 1. Determine q(l).
1
Let w(i) = -2*i - 2. Let f(p) = 3*p - 34. Let j be f(26). Suppose -4 = -m - 0. Let v be 1/m + (-143)/j. Give w(v).
4
Suppose m - 3*m - y = -9, m + 3*y = 12. Suppose -m = -9*b - 57. Let h(i) = 2*i - 4*i - 3*i - i**2. Calculate h(b).
-6
Let a be (-264)/(-220)*140/(-6). Let i(m) = 5*m + 3. Let c be i(-7). Let y = a - c. Let t(k) = 2*k**2 - 6*k + 1. Calculate t(y).
9
Suppose -3*n = 4*i + 2*n - 495, 3*i = -3*n + 372. Let k(b) = 246*b - i*b - 3 - 122*b. Give k(-7).
4
Let b(i) = 2*i - 4. Let x(m) = -1. Let a = -7 + 6. Let p(z) 